 the highest common divisor of 50 and t?
25
Suppose a + 7 = n + 2, 3 = 3*n + 3*a. Suppose 2*j + n*j = -100. Let w = 70 - j. Calculate the greatest common divisor of w and 18.
18
Suppose -12*d + 24 = -9*d. What is the greatest common factor of 24 and d?
8
Suppose -2*i + 11 = -2*b - 15, 4*i = -3*b + 80. Suppose -i = 3*r - 62. Calculate the highest common factor of r and 5.
5
Let t = 0 - 1. Let h be (-1)/1*t*3. Suppose 0 = h*u + u + 2*i - 624, 3*u = 2*i + 454. What is the highest common factor of u and 14?
14
Let z be (-7)/2 - -2 - 124/(-8). Calculate the highest common divisor of z and 154.
14
Let f be 27/(-12)*(-24)/9. Let m be (f/(-8))/((-2)/96). Calculate the highest common factor of m and 9.
9
Let o(j) = 3*j - 29. Let y be o(12). Calculate the highest common divisor of 21 and y.
7
Suppose -2*u = 4*u - 162. Calculate the highest common factor of u and 243.
27
Suppose 0 = 4*k - 160 + 16. Calculate the highest common divisor of 4 and k.
4
Let y(n) be the first derivative of n**3 + 9*n**2/2 + 12*n - 3. Let u be y(-8). What is the highest common divisor of 12 and u?
12
Suppose -15*c + 13*c + 666 = 0. What is the highest common divisor of 37 and c?
37
Let v be (3 - 4) + (19 - 1). Let z(r) = -35*r - 1. Let t be z(-1). Calculate the greatest common factor of t and v.
17
Let m = -2 - -1. Let w be (m - -2)/(4/16). Let v be 2/w + 31/2. What is the greatest common factor of 8 and v?
8
Suppose 3*s + 10 = -17. Let n be (-1 - -17)/(s + 11). Calculate the greatest common factor of n and 24.
8
Let o(t) = -t - 2. Let h be o(-5). Let i be 16/(-12)*(-36)/8. Calculate the highest common factor of h and i.
3
Let l = -20 + 26. Calculate the highest common divisor of l and 6.
6
Let x(w) = -w**2 + 8*w + 11. Let i be x(9). Let u be (0 - 1)*i - -34. Calculate the highest common divisor of u and 80.
16
Let k = 26 - 18. Calculate the highest common divisor of k and 8.
8
Let r = 45 - 33. What is the greatest common factor of r and 12?
12
Let p = -102 + 124. What is the greatest common divisor of 176 and p?
22
Suppose -191 = -3*m + m + h, 1 = h. Suppose -2*a = -5*r + 2 - 6, 4*r + 20 = 3*a. Calculate the greatest common factor of a and m.
12
Let m = -15 - -21. What is the greatest common factor of 9 and m?
3
Let r be ((-2)/(-1))/((-1)/32). Let f = 134 + r. Let a(h) = -h**3 + h**2 + h. Let b be a(-2). Calculate the greatest common factor of f and b.
10
Suppose -4*f + b + 767 = 0, -3*f - 2*b + 580 = 2*b. Calculate the highest common factor of f and 32.
32
Suppose 2*o - h + 2*h = 2, -5*o - 2*h + 7 = 0. Let m be (1/o)/((-3)/(-495)). What is the greatest common factor of m and 11?
11
Let h(y) = 0*y - 8 + 18*y + 0. Let c(n) = n**3 + 5*n**2 + n - 2. Let p be c(-2). Let d be h(p). Calculate the greatest common factor of d and 17.
17
Let u = 97 + -165. Let q be u/(-5) - 8/(-20). What is the highest common factor of 28 and q?
14
Suppose -5 + 25 = -5*j, 5*f + 3*j = 18. Let c(l) = -11*l + 5. Let q be c(f). Let g = 182 + q. Calculate the greatest common divisor of 11 and g.
11
Suppose -171 = 4*k - 495. Let s be -4 + 3/3*39/3. What is the greatest common factor of k and s?
9
Let s(a) = a**3 + 5*a**2 + 2*a + 3. Let i be (1 + -4)/3*5. Let c be s(i). Let r be (-54)/(-7) + (-2)/c. Calculate the highest common factor of 2 and r.
2
Suppose 4*h = -11 + 35. Calculate the greatest common factor of 3 and h.
3
Let p be ((-24)/42)/(-1 + (-27)/(-28)). Let y be (8/(-10))/(1/(-10)). What is the greatest common factor of y and p?
8
Let c = -107 - -194. Suppose -17*o = -22*o + 290. Calculate the greatest common factor of o and c.
29
Suppose -3*v = -3*c + 33, c + 11 = -4*v + 47. Let z be (-1 - 1)*(-5)/(-2). Let h be (c/(-10))/(2/z). Calculate the highest common factor of 1 and h.
1
Let n(y) = -y**2 - 3*y + 2. Let m be n(2). Let s(v) = v + 11. Let x be s(m). What is the greatest common factor of x and 12?
3
Suppose 21*o - 2 = 19*o. Calculate the greatest common divisor of 7 and o.
1
Let v be 16/(-72) + (-40)/(-18). Suppose 0 = v*z + 3*d - 57, 5*z + d + 2*d - 147 = 0. Calculate the highest common divisor of z and 20.
10
Let a be 4/(-3 + (-5)/(-1)). Suppose 3*d - 3*w = w + 16, -2*w - a = -d. What is the greatest common divisor of 108 and d?
12
Let c(s) = 7*s. Let h be c(10). Let b = h - -2. What is the greatest common factor of 8 and b?
8
Let p = 297 - 205. What is the highest common divisor of p and 23?
23
Let g = 3 - 0. Suppose -t - r = 0, -4*t + g*t = 2*r. Let w be 20 - t/(-1 + -2). Calculate the greatest common factor of 8 and w.
4
Let g = -22 + 23. Calculate the highest common divisor of 1 and g.
1
Let s(r) = 5 - 5 + r**2 + 2*r. Let f be s(-5). Let o be 20*((-3)/f + 1). What is the greatest common factor of o and 4?
4
Let x be (-8)/(-32) + 19/4. Suppose c + 3*c - 51 = o, 0 = o - x. Suppose 5*b - 2*w - 10 = 6, 2*w + 2 = -2*b. Calculate the greatest common divisor of c and b.
2
Suppose -4*d + 342 + 330 = 0. Let x(t) = 6*t**3 - t**2 - t + 1. Let c be x(1). Suppose s = c*s - d. What is the greatest common divisor of s and 14?
14
Let k(g) = 28*g**2 + g + 2. Let x be k(-2). Suppose -3*b = n - 9 - 34, -5*b + 2*n = -90. Calculate the highest common factor of x and b.
16
Let f = 165 - 44. Let o be 4/6 + (-14)/(-6). Suppose -5 = o*l + 2*l, -l = 4*h - 43. What is the greatest common divisor of h and f?
11
Let s = -93 + 156. What is the highest common divisor of s and 9?
9
Suppose 0 = 5*z - 2 - 8. Let k be (-21)/9*(-1 - z). Calculate the highest common factor of k and 56.
7
Suppose 0 = 4*z - 4 - 8. Let u be ((-36)/21)/((-6)/42). Calculate the highest common divisor of z and u.
3
Suppose -d - 105 = -4*n + 2*d, -2*n = -d - 51. What is the greatest common factor of n and 32?
8
Let f = -67 - -82. Let u be ((-2)/5)/((-2)/50). What is the highest common divisor of f and u?
5
Let s(a) = a**2 - 13*a + 8. Let y be s(13). Calculate the highest common factor of y and 56.
8
Suppose 5*x = -3*b - 25 - 173, 2*x + 4*b + 82 = 0. Let u be (-2 + 1)/(3/x). What is the highest common divisor of 39 and u?
13
Suppose 0 = 5*p + 3 - 18. Suppose 0*q - q + 2*t = -27, -3*t + 64 = 4*q. Let x = q - -5. Calculate the highest common factor of p and x.
3
Let p = 29 - 20. Suppose 2*i - 166 = 3*n - 5*n, -3*n = -p. What is the highest common factor of i and 16?
16
Suppose 0*c + 5*c = 25. Suppose 1 = -0*s + s. What is the greatest common divisor of c and s?
1
Suppose -3*o + 8 = 3*u + o, -5*u = -3*o + 6. Suppose u = 2*h + 3*h - 15. Let x be 4*h/(-24)*-6. What is the greatest common divisor of 3 and x?
3
Let k be (-508)/(-18) - 4/18. Suppose -5*i - 292 = -4*w - 2*i, 0 = -5*w - 2*i + 342. What is the greatest common factor of w and k?
14
Suppose 2*f - 2*p - 184 = -p, 0 = -4*p + 8. What is the highest common factor of f and 31?
31
Suppose -2*u + 32 = -0*u. What is the highest common factor of u and 56?
8
Let v = -9 - -38. Let z = 45 - v. What is the greatest common divisor of 144 and z?
16
Let m(c) = -3*c - 4. Let k be m(-4). Let a = 25 - 53. Let f be 8/a + (-170)/(-7). Calculate the highest common divisor of f and k.
8
Let t = 185 - 168. What is the greatest common factor of t and 187?
17
Let p be (6/5)/(33/770). Suppose -4*b = -6 - 6. Suppose -5 - p = -b*r. Calculate the greatest common factor of 99 and r.
11
Suppose -12 = -4*t, 5*c + 3*t - 866 - 188 = 0. Calculate the highest common factor of 11 and c.
11
Let h be 16/(1*(-2 - (-7 + 4))). What is the greatest common factor of 56 and h?
8
Let w(b) = 2*b**2 - 4. Let a be (2/6)/(1/12). Let j be w(a). What is the greatest common divisor of 14 and j?
14
Let p = -3 + 8. Suppose 2*g = 5*h + 17, 2*h - 31 = -p*g + 3*h. Let r = -67 + 115. What is the greatest common factor of g and r?
6
Let n = 135 - 75. What is the greatest common factor of n and 150?
30
Let i be (-4)/(-22) - (-1462)/187. Suppose 0 = -i*s + 3*s + n + 165, -5*s - 2*n = -150. Calculate the greatest common factor of 16 and s.
16
Suppose 7*a = 2*a + 60. Let v(m) = -m**2 + 7*m - 7. Let h be v(6). Let j be (3 + h)/((-2)/(-3)). What is the highest common factor of a and j?
3
Let x = 16 + -3. What is the greatest common divisor of 91 and x?
13
Let o be (-25)/9 - (-6)/(-27). Let g be 1/o + 242/6. Let k = -203 - -208. What is the highest common divisor of k and g?
5
Let a(h) = 26*h - 12 + 12. Let c be a(1). Calculate the greatest common divisor of 3